 -124 + s. List the prime factors of b.
2, 5, 13
Suppose 13764 = 2*u + 2*o, -5*u - 2207*o + 34458 = -2210*o. List the prime factors of u.
2, 3, 7, 41
Let l = -116 - -91. Let m(p) = 3*p**2 + 63*p + 17. What are the prime factors of m(l)?
317
Let x = -3819 + 5221. List the prime factors of x.
2, 701
Suppose 148 = r - 5*r. Let o = -31 - r. Suppose o*p - 342 = 3*p. What are the prime factors of p?
2, 3, 19
Suppose 326*r = 309*r + 502197. What are the prime factors of r?
3, 43, 229
Suppose h = -3*z - 1327, 362 + 961 = -3*z + 3*h. Let b be (-4 + 0)*z/8. Suppose g - f - b = 0, 2*g + 5*f - 251 = 191. What are the prime factors of g?
13, 17
Let x(q) = q**3 - 20*q**2 - 12*q + 51. Let v(y) = -y**2 + 6*y + 16. Let d be v(5). What are the prime factors of x(d)?
2, 3, 5
Suppose -3*c + 4 = -2. Let i = 346 + -315. Suppose d + 5*n = 2*d - i, -3*n - 97 = -c*d. What are the prime factors of d?
2, 7
Suppose -f + 2356 = -0*f - 2*z, 11855 = 5*f + 5*z. List the prime factors of f.
2, 7, 13
Let q = 25 + -1. Let n = -25 + q. What are the prime factors of (-21 - 0/3)/n?
3, 7
Suppose 0 = -3*p - 5*w + 32, 3*p = w - 2*w + 16. Suppose p*z + 4*i + 90 = 6*z, 5*z - 192 = -i. What are the prime factors of z?
3, 13
Suppose 561 = 13*c - 24. List the prime factors of 5655/c*(2 + 7).
3, 13, 29
Suppose -93*z + 84*z - 27585 = 0. Let s = -2109 - z. What are the prime factors of s?
2, 239
Suppose 5*n = 0, 77259 = 270*i - 267*i - 4*n. List the prime factors of i.
7, 13, 283
Suppose 70 = 12*x + 2*x. Suppose -3*k = -2*u, -27 + 5 = 4*u + x*k. Let p(w) = -63*w - 14. What are the prime factors of p(u)?
5, 7
Let v(f) = 10*f + 220. Let b be v(-22). Suppose 10*w - 9826 - 7834 = b. What are the prime factors of w?
2, 883
Suppose -3*c + 26 + 34 = 0. Suppose -2*v = -2*n - 3*n + 74, c = 2*n + 4*v. Let w = n - 9. What are the prime factors of w?
5
Let h(l) = -8*l + 1133. What are the prime factors of h(9)?
1061
Let k be 10/15*63/6. Suppose k*p = 435 + 188. Let w = p + 13. What are the prime factors of w?
2, 3, 17
Suppose 4*q - 27 = -4*z + 1, 0 = -3*z - q + 17. Suppose 0 = -10*a + 9*a + z. Suppose -16 = -4*f, 0 = 5*n - 3*n + a*f - 336. List the prime factors of n.
2, 79
Let v(z) = 103*z**2 - 7*z - 6. Let l be 8 + -12 + 1 + -57. Let q be 18/l*-5*4/(-6). What are the prime factors of v(q)?
2, 13
Let q(v) = v**3 + v**2 - 2*v + 155. Let h be q(0). Suppose 3*k = 4*x - 409, -k = -3*x + 148 + h. List the prime factors of x.
2, 5
Let k(y) = -3*y - 24. Let z be k(-7). List the prime factors of (-5)/(-3)*z + (529 - 0).
2, 131
Suppose 4*w + 4*z - 216 = -0*w, 0 = -4*z - 20. Let q(u) = 38*u - 122. Let r be q(6). Let c = r - w. List the prime factors of c.
47
Let j(r) = 38*r**2 + 108*r - 11. What are the prime factors of j(6)?
5, 401
Let v(d) = 32*d - 48. Let r(i) = -i. Let y(p) = 24*r(p) + v(p). Let b be y(6). Suppose 5*q + 3*z = 930, -361 = -2*q - b*q + z. What are the prime factors of q?
3, 61
Suppose 851592 = -31*s + 179*s. What are the prime factors of s?
2, 3, 7, 137
Let s(a) = -a**3 - 16*a**2 + 17*a + 6. Suppose -3*q = -2*c - 43, -5*c - q = 107 - 25. Let r be s(c). Suppose 0*i = -r*i + 198. What are the prime factors of i?
3, 11
Suppose 38642 = 5*u - 2*t, -4*u = t - 11111 - 19813. List the prime factors of u.
2, 5, 773
Let l be (1 + 8/(-3))*3. Let z(h) = h**3 + 5*h**2 + 3. Let k be z(l). Suppose w + 2*q = 81, 2*q + 2*q = -k*w + 249. List the prime factors of w.
3, 29
Let h(i) = i**3 - 5*i**2 - 9*i + 12. Let k be h(6). Let w(b) = -b**3 - 7*b**2 - 5*b + 8. Let v be w(k). What are the prime factors of 292/v - 3 - -2?
5, 29
Let q(w) = w**3 + 31*w**2 + 16*w + 36. List the prime factors of q(-13).
2, 5, 7, 41
Let i(y) be the second derivative of -y**4/12 - 4*y**3 + y**2/2 - 2*y - 8. What are the prime factors of i(-15)?
2, 17
Let c(v) = 2*v**2 + 7*v - 16. Let k be c(-7). Let j be 2/3 - (-110)/k. Suppose -4*b = -j*y + 844, y = -3*y - 4*b + 852. List the prime factors of y.
2, 53
Suppose 0 = -79*k + 73*k. Suppose -c - 4*u + 217 = -k*u, 990 = 5*c + u. List the prime factors of c.
197
Let o(g) = g**3 - 3*g**2 - 7*g + 7. Let u be o(5). Let j = 652 - 614. Let c = u + j. List the prime factors of c.
2, 3, 5
Let r(f) = 93*f + 381. Let c(m) be the second derivative of 37*m**3/6 + 76*m**2 + 41*m. Let z(g) = 12*c(g) - 5*r(g). List the prime factors of z(-15).
2, 3, 13
Suppose 9*t = 6*t + 3. List the prime factors of (-269)/(5 + (t - 7)).
269
Let m(o) = o - 6. Let i be m(6). Let n be ((1 + i)*48)/((-20)/(-90)). Suppose 0*g - n = -2*g. What are the prime factors of g?
2, 3
Suppose 88*h - 69500 = 83*h + 2*l, 27786 = 2*h + 2*l. List the prime factors of h.
2, 6949
Let r be (-194)/4 - 8/(-16). Let c = r - -46. What are the prime factors of c/14 + 4080/140?
29
Let r(x) = 19*x**2 - 530*x - 34. What are the prime factors of r(37)?
6367
Let b(k) = k**2 + 4*k + 4. Let x be b(-2). Let v be (x - -1) + 32/8. Suppose v*y + 265 = 10*y. List the prime factors of y.
53
Suppose -52*l + 1304053 - 14757 = -308768. List the prime factors of l.
2, 3, 13, 197
Let k(p) = -2*p**2 - 36 + 17*p**2 + 1653*p - 1651*p + p**2. What are the prime factors of k(-6)?
2, 3, 11
Suppose -4*w + 65100 = 3*a - 202821, -5*w + 2*a = -334861. List the prime factors of w.
3, 5, 19, 47
Let b be -3*4/(-6)*105/10. Let h be b/28 + -6 - (-3)/(-4). List the prime factors of ((-32)/10)/(h - 2296/(-385)).
2, 11
Suppose 3*s - 31 = -b, 0 = -2*b + 2*s + 66 - 12. What are the prime factors of (7 - 1) + -5 + 1 + b?
2, 3, 5
Suppose 10*p = 168421 + 16029. List the prime factors of p.
5, 7, 17, 31
Suppose -37 = -4*t + o, -9 - 1 = 2*o. Suppose -117 + t = -l. Suppose -i + l = -46. List the prime factors of i.
5, 31
Let n be (3843/(-4270))/((-6)/460). Let s(i) = i**2 + 3*i - 1. Let c be s(-4). Suppose h - t = n, c*t = -2*h + 25 + 103. List the prime factors of h.
67
Let g be ((-10)/4 + 4)*(-228)/(-9). Suppose 14 - g = -6*c. Suppose 2*j + 2*d = 380, -c*d = 3*j - j - 382. List the prime factors of j.
3, 7
Let q(z) be the first derivative of z**2/2 - 12*z - 12. Let u be q(11). Let r(v) = -71*v**3 - v**2. What are the prime factors of r(u)?
2, 5, 7
Let w(i) = i**3 - 117*i**2 + 513*i + 312. What are the prime factors of w(115)?
11, 29, 103
Let c = -58 + 51. Let g(w) = -w**3 - 7*w**2 - 4. Let k be g(c). Let j(o) = -o**3 - 2*o**2 - 2*o - 6. List the prime factors of j(k).
2, 17
Let i = 8761 + -4911. Let s = i + -2261. What are the prime factors of s?
7, 227
Let t(n) = 3*n + 19 - 50 + 18. Let d be t(7). Suppose 12*i - d*i = 384. List the prime factors of i.
2, 3
Let t(u) = -22*u + 87. Let i be t(-14). Let l = -155 + i. List the prime factors of l.
2, 3, 5
Let i be 10/25 - (-129)/15. Suppose -4088 - 2950 = -i*g. What are the prime factors of g?
2, 17, 23
Let g(m) = -2*m**3 + 50*m**2 - 59*m - 100. List the prime factors of g(23).
659
Let o(r) = r**2 - 80*r - 248. List the prime factors of o(97).
3, 467
Suppose -5*g + 17 = 5*f - 18, -2*g = 5*f - 2. Suppose 4*o - 3570 = -g*o. What are the prime factors of o?
2, 7, 17
Let g(r) = -11*r + 2. Let k(j) be the first derivative of -j**2/2 - 11. Let t(y) = g(y) + 2*k(y). What are the prime factors of t(-4)?
2, 3
Let x(a) be the first derivative of 7*a**2/2 - 19*a - 9. Let u be x(3). List the prime factors of (2/(u/(-1)))/(2/(-326)).
163
Suppose -2*k + 0*y - 599 = -y, -2*k - 595 = 3*y. Let a = -130 - k. List the prime factors of a.
13
Let q = 21830 + -11919. List the prime factors of q.
11, 17, 53
Let k be (0 - -1)/((6 + 1)/217). Suppose -k*t + 5950 = -14*t. List the prime factors of t.
2, 5, 7
Let x(h) = -116*h + 253. Let j(v) = 230*v - 508. Let d(z) = 4*j(z) + 9*x(z). List the prime factors of d(-7).
3, 7, 53
Let o(s) = 1. Let b(w) = -7 + 19*w + 28*w - 19*w. Let v(h) = b(h) + 4*o(h). What are the prime factors of v(3)?
3
Suppose 0 = -520*j + 525*j + 25. Let p = j - -981. List the prime factors of p.
2, 61
Suppose -5*u - 5*a + 220 = 0, -12*a + 17*a - 172 = -4*u. Suppose u*h - 17692 = 5156. List the prime factors of h.
2, 7, 17
Let h(m) = 78*m**2 + 2*m + 2. Let u(z) = 2*z + 29. Suppose 3*f - 5 + 50 = 0. Let s be u(f). What are the prime factors of h(s)?
2, 3, 13
Let i = 552 + 6488. List the prime factors of i.
2, 5, 11
Let y be (17/(-136))/(-1*2/16). What are the prime factors of (-18)/45*-15 - y*-484?
2, 5, 7
Let f = 41469 + -19429. List the prime fac